Is 4217517163 composite?
True
Is 7951124107 prime?
True
Is 61380937 a prime number?
True
Is 4490858371 prime?
False
Is 17277266857 composite?
True
Is 1215372217 a prime number?
False
Is 551321929 composite?
True
Is 4802041417 composite?
False
Is 507824347 prime?
False
Is 7902665671 a composite number?
False
Is 193722613135 composite?
True
Is 1510803521 a composite number?
False
Is 16102607719 prime?
False
Is 1891802774 a prime number?
False
Is 5195363713 prime?
False
Is 10924334977 a composite number?
False
Is 354519248857 a composite number?
True
Is 2247462199 prime?
True
Is 910218479 a prime number?
True
Is 26318764145 a composite number?
True
Is 795474769 prime?
False
Is 5377003091 a composite number?
True
Is 1417681703 prime?
True
Is 3995171651 a prime number?
False
Is 3022490651 prime?
False
Is 35939646431 composite?
True
Is 8994011707 composite?
True
Is 112221259 a composite number?
True
Is 3157828939 prime?
False
Is 17727892441 a prime number?
False
Is 183363503 composite?
True
Is 6423887969 composite?
True
Is 7270994629 composite?
False
Is 10307856437 a prime number?
False
Is 22537836331 a composite number?
False
Is 4549796659 composite?
False
Is 3650326703 a prime number?
True
Is 3145093873 a prime number?
True
Is 94676513 a prime number?
True
Is 1275645317 composite?
True
Is 14293404613 prime?
True
Is 473465119 composite?
True
Is 1816975099 composite?
True
Is 473338171 a prime number?
True
Is 1610881934 a composite number?
True
Is 287321039 composite?
False
Is 1075375783 a prime number?
False
Is 39750712597 a composite number?
False
Is 2688566387 composite?
True
Is 846376409 a composite number?
False
Is 1525600781 a prime number?
True
Is 11823368855 prime?
False
Is 3078766489 a prime number?
True
Is 7057520497 a composite number?
False
Is 946871 prime?
False
Is 663591113 a prime number?
False
Is 55480915241 prime?
True
Is 5803831291 prime?
True
Is 15353951191 prime?
True
Is 11428884293 prime?
True
Is 362355211 a composite number?
True
Is 15145128727 prime?
False
Is 3755393167 prime?
False
Is 93595589 a prime number?
False
Is 101791302593 a prime number?
False
Is 5105225066 a composite number?
True
Is 18085881469 composite?
False
Is 4680625163 a prime number?
True
Is 17231086141 a prime number?
False
Is 7111170103 prime?
True
Is 15753813893 a prime number?
True
Is 469142071 composite?
True
Is 17108458441 composite?
True
Is 3045714653 a composite number?
False
Is 624238481 prime?
True
Is 28902593567 composite?
False
Is 2592216689 composite?
False
Is 3164994247 a prime number?
False
Is 8744516806 composite?
True
Is 68067429517 composite?
False
Is 6534113227 a prime number?
True
Is 400042349 prime?
False
Is 187483795511 composite?
True
Is 12167985827 composite?
False
Is 1844512289 composite?
False
Is 460636751 composite?
False
Is 834313211 a composite number?
True
Is 3175444187 composite?
True
Is 1561199551 a composite number?
True
Is 471681827 composite?
True
Is 624040019 composite?
False
Is 80154557663 a prime number?
True
Is 4992919973 a prime number?
False
Is 55773022013 prime?
False
Is 44492547511 a composite number?
True
Is 1345164631 a prime number?
True
Is 37559706157 a composite number?
False
Is 6395913827 a prime number?
True
Is 746885011 a composite number?
True
Is 1328932909 a composite number?
False
Is 905055703 a composite number?
False
Is 6321594971 composite?
True
Is 1692201547 prime?
True
Is 728848937 a composite number?
False
Is 28299448117 composite?
True
Is 170390700743 composite?
True
Is 541804633 a composite number?
False
Is 15794293999 prime?
False
Is 2554489849 prime?
True
Is 579305903 prime?
False
Is 3317470087 a prime number?
True
Is 1990086263 a prime number?
False
Is 1525165643 a prime number?
True
Is 6395775503 composite?
True
Is 11152485581 a prime number?
False
Is 262073077 a composite number?
True
Is 1968117419 a composite number?
False
Is 6231001811 a prime number?
True
Is 37955462179 a prime number?
True
Is 5070514961 a composite number?
True
Is 25756842131 prime?
False
Is 1905024203 composite?
False
Is 1938159521 prime?
True
Is 46650683 a prime number?
True
Is 25555516282 a prime number?
False
Is 4396862453 composite?
True
Is 3239696957 prime?
False
Is 83440218919 prime?
True
Is 534438779 prime?
False
Is 43560967 a composite number?
False
Is 6737888401 a composite number?
False
Is 1254489127 a composite number?
False
Is 75329399 composite?
False
Is 2108342293 composite?
False
Is 11732112667 prime?
False
Is 3449395711 a composite number?
False
Is 902358521 a prime number?
False
Is 414915427 a prime number?
False
Is 34950765877 a composite number?
True
Is 69992991389 a prime number?
True
Is 961357745 a prime number?
False
Is 304952437 a prime number?
False
Is 5226754457 a prime number?
True
Is 626936423 prime?
False
Is 114023029591 a composite number?
False
Is 1956101159 a composite number?
False
Is 92317362451 a prime number?
False
Is 895889873 prime?
True
Is 6341438111 prime?
True
Is 43415959 prime?
True
Is 157310200513 a prime number?
False
Is 85582721753 a prime number?
True
Is 7165405333 a prime number?
True
Is 25624811533 a composite number?
False
Is 2494420763 a composite number?
False
Is 41250927073 a prime number?
False
Is 789767969 a composite number?
True
Is 3353685037 prime?
True
Is 8842139233 a composite number?
True
Is 2082102943 prime?
True
Is 4896257453 composite?
False
Is 11562662093 composite?
False
Is 252081799 a prime number?
False
Is 1112408797 prime?
False
Is 96048907 a prime number?
False
Is 2532139483 a composite number?
True
Is 1037268263 prime?
False
Is 2014506743 a prime number?
True
Is 10587847859 a prime number?
True
Is 4694824111 a prime number?
False
Is 11014201 a prime number?
False
Is 7732952363 a prime number?
False
Is 1458887363 prime?
True
Is 39909147803 prime?
False
Is 481632343 composite?
True
Is 96165791 a composite number?
False
Is 509595973 composite?
True
Is 5275271899 a prime number?
True
Is 5481556163 composite?
True
Is 567737207 prime?
False
Is 46163802171 a prime number?
False
Is 1495677023 a composite number?
True
Is 764024563 a prime number?
False
Is 257924489171 a composite number?
True
Is 905034233 prime?
False
Is 53984139037 composite?
True
Is 8371375891 prime?
False
Is 13616162177 a composite number?
False
Is 16310209109 a prime number?
False
Is 7202009341 prime?
True
Is 669017807 composite?
True
Is 956185271 prime?
True
Is 43742316841 composite?
False
Is 24338185719 prime?
False
Is 4237250123 a prime number?
True
Is 27635881391 prime?
True
Is 3226853849 prime?
True
Is 786793159 prime?
False
Is 2189202461 composite?
False
Is 18737328835 a prime number?
False
Is 15314005493 prime?
True
Is 10289502959 a composite number?
False
Is 41247169 prime?
False
Is 50302080365 composite?
True
Is 1170515831 a prime number?
False
Is 69588032637 composite?
True
Is 1396250917 a composite number?
False
Is 7819557937 composite?
True
Is 21735179 a prime number?
True
Is 329886682 a composite number?
True
Is 2636497697 prime?
True
Is 18055381753 a composite number?
True
Is 937853867 prime?
False
Is 20305362707 a composite number?
True
Is 1049805203 a composite number?
False
Is 106058371 composite?
False
Is 2176872499 a composite number?
True
Is 1742809031 a prime number?
True
Is 282887107 prime?
True
Is 598496078 prime?
False
Is 2002920077 a prime number?
False
Is 193741 a composite number?
False
Is 286195927 a composite number?
True
Is 75754303 prime?
True
Is 515055659 a composite number?
False
Is 241653673 a prime number?
True
Is 22048145555 a prime number?
False
Is 1012848859 composite?
True
Is 30121820641 a prime number?
False
Is 109919139865 prime?
False
Is 1197404191 a composite number?
True
Is 3523888541 a prime number?
False
Is 533110649 a composite number?
True
Is 3248429237 a prime number?
False
Is 223134330971 composite?
False
Is 1984009103 composite?
True
Is 52658204359 a prime number?
True
Is 19213801639 prime?
False
Is 173926581641 a composite number?
False
Is 23526924013 a composite number?
False
Is 35660048197 a composite number?
True
Is 8340203671 a composite number?
False
Is 7434790223 a prime number?
False
Is 573007811 prime?
True
Is 96621934161 prime?
False
Is 36718392617 a composite number?
False
Is 151761163 a composite number?
False
Is 273236723317